the prime factors of 1345700.
2, 5, 13457
List the prime factors of 10332351.
3, 1148039
What are the prime factors of 9331?
7, 31, 43
What are the prime factors of 489865?
5, 97973
What are the prime factors of 304967?
13, 23459
List the prime factors of 10283072.
2, 31, 71, 73
List the prime factors of 291646.
2, 145823
List the prime factors of 344665.
5, 29, 2377
What are the prime factors of 131408?
2, 43, 191
What are the prime factors of 8245749?
3, 2748583
What are the prime factors of 3344684?
2, 7, 19, 6287
List the prime factors of 488608.
2, 15269
List the prime factors of 14674211.
14674211
List the prime factors of 5480550.
2, 3, 5, 19, 641
List the prime factors of 11062601.
11, 29, 34679
List the prime factors of 52010.
2, 5, 7, 743
List the prime factors of 79233.
3, 7, 11
What are the prime factors of 4935455?
5, 7, 23, 6131
List the prime factors of 23744.
2, 7, 53
What are the prime factors of 1266731?
1266731
List the prime factors of 2054157.
3, 7, 29, 3373
List the prime factors of 365767.
499, 733
List the prime factors of 558045.
3, 5, 12401
What are the prime factors of 6445406?
2, 11, 292973
What are the prime factors of 172996?
2, 61, 709
List the prime factors of 315049.
7, 45007
What are the prime factors of 1316934?
2, 3, 23, 3181
What are the prime factors of 8718044?
2, 953, 2287
What are the prime factors of 22681500?
2, 3, 5, 15121
What are the prime factors of 208375?
5, 1667
List the prime factors of 204139.
13, 41, 383
List the prime factors of 644544.
2, 3, 373
List the prime factors of 12124741.
71, 389, 439
List the prime factors of 21640637.
21640637
What are the prime factors of 1008992?
2, 31531
What are the prime factors of 9454507?
137, 69011
What are the prime factors of 2356547?
2356547
What are the prime factors of 1820247?
3, 11, 13, 4243
What are the prime factors of 589747?
17, 113, 307
What are the prime factors of 1890857?
47, 40231
List the prime factors of 147447.
3, 43, 127
List the prime factors of 4554839.
137, 33247
What are the prime factors of 784028?
2, 7, 28001
List the prime factors of 168102.
2, 3, 11, 283
What are the prime factors of 280722?
2, 3, 13, 59, 61
List the prime factors of 959504.
2, 7, 13, 659
What are the prime factors of 247207?
43, 5749
List the prime factors of 5470552.
2, 683819
List the prime factors of 8958589.
1163, 7703
What are the prime factors of 1544169?
3, 11, 73, 641
What are the prime factors of 8806963?
11, 607, 1319
What are the prime factors of 230003?
230003
List the prime factors of 75650.
2, 5, 17, 89
List the prime factors of 8998652.
2, 13, 131, 1321
What are the prime factors of 1664300?
2, 5, 11, 17, 89
List the prime factors of 8163660.
2, 3, 5, 359, 379
What are the prime factors of 304794?
2, 3, 7, 41, 59
What are the prime factors of 1824888?
2, 3, 13, 5849
List the prime factors of 835831.
835831
What are the prime factors of 23636?
2, 19, 311
What are the prime factors of 777643?
777643
What are the prime factors of 5273425?
5, 37, 5701
What are the prime factors of 5375013?
3, 7, 311, 823
List the prime factors of 827884.
2, 139, 1489
What are the prime factors of 6517069?
13, 17, 37, 797
List the prime factors of 19639384.
2, 191, 12853
What are the prime factors of 9445084?
2, 11, 97, 2213
What are the prime factors of 7430760?
2, 3, 5, 20641
List the prime factors of 336650.
2, 5, 6733
What are the prime factors of 105952?
2, 7, 11, 43
What are the prime factors of 19087422?
2, 3, 3181237
What are the prime factors of 224630?
2, 5, 7, 3209
List the prime factors of 103942.
2, 51971
List the prime factors of 1355762.
2, 47, 14423
List the prime factors of 545120.
2, 5, 3407
List the prime factors of 4204761.
3, 11, 47, 2711
What are the prime factors of 18420791?
18420791
List the prime factors of 983974.
2, 373, 1319
List the prime factors of 1613652.
2, 3, 134471
List the prime factors of 5701586.
2, 11, 259163
What are the prime factors of 9573720?
2, 3, 5, 13, 17, 19
What are the prime factors of 545664?
2, 3, 7, 29
List the prime factors of 6364619.
109, 58391
List the prime factors of 8576369.
1447, 5927
List the prime factors of 690571.
7, 47, 2099
What are the prime factors of 12065890?
2, 5, 41, 29429
What are the prime factors of 147357?
3, 7, 2339
What are the prime factors of 836372?
2, 23, 9091
What are the prime factors of 2942222?
2, 251, 5861
List the prime factors of 222916.
2, 23, 2423
List the prime factors of 2566247.
47, 54601
List the prime factors of 1311475.
5, 11, 19, 251
What are the prime factors of 138732?
2, 3, 11, 1051
List the prime factors of 31168683.
3, 7, 13, 19, 2003
What are the prime factors of 24039702?
2, 3, 787, 1697
List the prime factors of 13919116.
2, 67, 167, 311
What are the prime factors of 456142?
2, 131, 1741
List the prime factors of 8054861.
643, 12527
List the prime factors of 481001.
481001
What are the prime factors of 1746028?
2, 436507
What are the prime factors of 2571495?
3, 5, 251, 683
List the prime factors of 117711.
3, 11, 29, 41
What are the prime factors of 1934321?
163, 11867
What are the prime factors of 301223?
13, 17, 29, 47
What are the prime factors of 843846?
2, 3, 17, 8273
List the prime factors of 405009.
3, 11, 4091
What are the prime factors of 137974?
2, 149, 463
What are the prime factors of 1647732?
2, 3, 61, 2251
What are the prime factors of 1540562?
2, 770281
List the prime factors of 1302507.
3, 19, 2539
What are the prime factors of 893081?
7, 127583
What are the prime factors of 827778?
2, 3, 7, 19709
List the prime factors of 53637.
3, 19, 941
List the prime factors of 89835.
3, 5, 53, 113
List the prime factors of 40247.
167, 241
What are the prime factors of 290815?
5, 7, 1187
List the prime factors of 2205856.
2, 29, 2377
What are the prime factors of 402099?
3, 134033
List the prime factors of 320152.
2, 7, 5717
List the prime factors of 8643575.
5, 19, 31, 587
What are the prime factors of 14351132?
2, 67, 53549
What are the prime factors of 817295?
5, 223, 733
What are the prime factors of 3308520?
2, 3, 5, 79, 349
What are the prime factors of 136657?
136657
List the prime factors of 17099550.
2, 3, 5, 13, 37, 79
What are the prime factors of 591059?
7, 84437
List the prime factors of 21388702.
2, 10694351
List the prime factors of 1137288.
2, 3, 47387
List the prime factors of 1921006.
2, 23, 41761
List the prime factors of 436798.
2, 17, 29, 443
List the prime factors of 6062304.
2, 3, 63149
What are the prime factors of 108932?
2, 113, 241
List the prime factors of 349002.
2, 3, 23, 281
What are the prime factors of 2520544?
2, 13, 73, 83
List the prime factors of 4490.
2, 5, 449
List the prime factors of 3729491.
19, 10331
List the prime factors of 1054414.
2, 527207
What are the prime factors of 4551769?
23, 73, 2711
List the prime factors of 2114311.
1381, 1531
List the prime factors of 16551909.
3, 11, 167191
List the prime factors of 77837.
277, 281
List the prime factors of 3553512.
2, 3, 148063
List the prime factors of 77355.
3, 5, 191
What are the prime factors of 1531696?
2, 95731
What are the prime factors of 142042?
2, 29, 31, 79
What are the prime factors of 1088101?
7, 155443
What are the prime factors of 11548767?
3, 853, 4513
List the prime factors of 6042049.
13, 464773
List the prime factors of 3390204.
2, 3, 47, 6011
What are the prime factors of 5407?
5407
List the prime factors of 4051778.
2, 263, 7703
What are the prime factors of 965064?
2, 3, 79, 509
What are the prime factors of 16440224?
2, 17, 47, 643
List the prime factors of 338420.
2, 5, 16921
List the prime factors of 4678424.
2, 73, 8011
What are the prime factors of 488783?
97, 5039
What are the prime factors of 4272637?
31, 137827
List the prime factors of 9009324.
2, 3, 250259
What are the prime factors of 283341?
3, 94447
What are the prime factors of 6262489?
6262489
What are the prime factors of 24948986?
2, 31, 402403
List the prime factors of 119752.
2, 14969
List the prime factors of 213176.
2, 26647
List the prime factors of 744253.
744253
What are the prime factors of 469009?
469009
List the prime factors of 261261.
3, 7, 11, 13, 29
What are the prime factors of 3974090?
2, 5, 17, 97, 241
List the prime factors of 2597154.
2, 3, 7, 61837
L